hen (4430/(-6))/(((-1128)/(-72))/(-47)) is divided by 74.
69
Let y = 91 - 167. Let l = y + 76. Suppose l = 38*s - 41*s + 9. What is the remainder when 17 is divided by s?
2
Let w = 11161 - 11124. What is the remainder when 812 is divided by w?
35
Let c(o) = -2*o - 16. Let q be c(-8). Suppose -t - 3 = -2*t, -4*p - 4*t + 112 = q. Let a = p - 16. What is the remainder when 22 is divided by a?
4
Suppose 4*k + 235 = -889. Let s = -198 - k. Suppose 3*g + 109 - 220 = 3*d, -2*g + 64 = -4*d. What is the remainder when s is divided by g?
41
Suppose -1126*s + 1129*s - d - 2133 = 0, -2*s - 5*d = -1422. What is the remainder when s is divided by 109?
57
Let y be ((-1)/(-3))/(27/38313). Let m = y - 448. Suppose 3*c - 7*c + 296 = 0. Calculate the remainder when c is divided by m.
24
Let h(t) = -114*t + 9. Let i(b) = -5*b + 31. What is the remainder when h(-2) is divided by i(3)?
13
Let d(m) = 2*m**2 + 708*m - 3565. Calculate the remainder when 183 is divided by d(5).
8
Let w(j) = -2*j**2 + 16*j - 13. Let d be w(11). Let b = -10 - d. Let s(t) = 106*t + 542. Calculate the remainder when b is divided by s(-5).
9
Suppose 0 = 61*d - 6 - 238. Calculate the remainder when d is divided by 3.
1
Suppose -5*w = 2*w - 182. Suppose 5*x - 2 = 3*x + 5*o, -2*o - w = -5*x. Calculate the remainder when 9/(-30)*-112 - x/10 is divided by 7.
5
Suppose 6*u + 61 - 1607 - 5246 = 0. Calculate the remainder when u is divided by 9.
7
Suppose 5*q + 35 = 30. What is the remainder when (-3)/(q*3)*(7 + 14) is divided by 6?
3
Let o = 43 + -43. Suppose -z - 3*z + 120 = -4*i, -3*z - 2*i + 110 = o. What is the remainder when 90 is divided by z?
22
Calculate the remainder when 490 is divided by (-16)/(-10) - 2 - (-1001)/65.
10
Let u(o) = -o**3 + 6*o**2 - o. What is the remainder when 1/((-384)/5632*(0 + (-8)/18)) is divided by u(5)?
13
Let d = 4054 + -4041. Suppose 0 = 4*o - 9*o + 15. Suppose -3 = -m + l + o, m + 3*l + 10 = 0. Calculate the remainder when d is divided by m.
1
Let u be 792/27 + 7/(-3) + 3. Suppose 0 = -94*l + 88*l + u. Calculate the remainder when 68 is divided by l.
3
Let q(h) = -19*h + 14*h - 75 - 6. Suppose l + 188 = 5*k, 6*k - 4*k - 3*l = 83. Calculate the remainder when k is divided by q(-20).
18
Suppose 2*m - 6*m + 736 = -2*w, 4*m - 742 = -w. Calculate the remainder when m is divided by (-7 + (-217)/(-28))*(-376)/(-6).
44
Let u be (1 + -2)/((-43)/(-3440)). Let d = u - -82. Calculate the remainder when 19 is divided by d.
1
Suppose 234 = 4*g + 2*i, 794 = g + 4*i + 732. Calculate the remainder when 5161 is divided by g.
57
Suppose -3*j + 5*k + 307 = 0, 2*j - 5*k - 301 = -88. Calculate the remainder when 256 is divided by j.
68
Let n be (1 - 22)*120/(-90). Suppose -n = 51*w - 53*w. Calculate the remainder when 18 is divided by w.
4
Suppose -15 = -3*t, -3*c + 970 = -c - 2*t. Suppose -3*j + 100 = -g, -4*j + 243 - 166 = 3*g. Calculate the remainder when c is divided by j.
26
Let m(h) = -h**2 + 6*h + 55. Let x = -26 - -44. What is the remainder when (x/4 + -4)*218 is divided by m(8)?
31
Suppose 605 = 4*s + 5*h, s + 4*s - 748 = 2*h. Calculate the remainder when s is divided by (154/22 + 29/4)/(6/8).
17
Let m(r) = 10*r + 1. Suppose 15 = 13*j - 8*j. What is the remainder when m(j) is divided by 4?
3
Suppose -1027 = -2*h + 4175. Suppose -8*m + 991 = -h. Calculate the remainder when m is divided by 75.
74
Suppose 3 = -3*s, 2*s - 121 = 945*y - 948*y. What is the remainder when 1043 is divided by y?
18
Let s = 4657 - 4560. What is the remainder when s is divided by 38?
21
Let j be (2/(-4))/((-2)/16). Suppose -12 + 32 = j*i. Suppose -n - i*n + 372 = 0. Calculate the remainder when n is divided by 17.
11
Let f(t) = 1579*t + 6415. What is the remainder when 543 is divided by f(-4)?
48
Let c be 52 - 36 - (3 - 1). Let h = c - -29. What is the remainder when h is divided by 11?
10
What is the remainder when 1057 is divided by 25/(-7 + 2)*425/(-25)?
37
Let g(m) = 21*m**2 - 79*m + 21. What is the remainder when g(7) is divided by 51?
38
Let w(u) = u**3 - 9*u**2 + 11*u - 20. Let n be w(8). Suppose 3*r - 32 = 3*o - n*o, 2*o + r = 74. What is the remainder when o is divided by 3?
2
Suppose -4*d + 246 + 178 = 0. Suppose 0 = -4*v - v - 360. Let i = v + d. Calculate the remainder when i is divided by 23.
11
Suppose 4*s + 3*w - 116 = -w, -4*s - 3*w = -113. Suppose -3*r + 521 + 22 = 0. Calculate the remainder when r is divided by s.
25
Let q(k) = -k**3 - 33*k**2 - 70*k - 206. Suppose s + 3*n - 157 = 0, -4*s + 836 = s - 2*n. Calculate the remainder when s is divided by q(-31).
40
Let t(v) = v - 1. Let u(i) = -9*i - 3. Let m(o) = 5*t(o) + u(o). What is the remainder when (-239)/(-3) - (-4)/(-6) is divided by m(-4)?
7
Let o(v) be the first derivative of v**3 - 7*v**2/2 + 5*v + 38. Let y be o(2). Calculate the remainder when 14 is divided by (-7)/(-1) - (-6 - -3)/y.
6
Let l = 732 + -732. Suppose -7*y + 4727 - 1626 = l. Calculate the remainder when y is divided by 6.
5
Let s = 197 + -188. Suppose s*z = 5*z + 204. Calculate the remainder when z is divided by 32.
19
Suppose -8*b + 658 = -206. What is the remainder when b is divided by 17/34*(0 - (-1 + -21))?
9
Let s(a) = -41*a - 223. Let b be s(-7). Suppose 13*j - 144 - b = 0. Calculate the remainder when 237 is divided by j.
13
Suppose -1 = -9*a + 8*a - 3*v, 0 = 3*v + 15. Calculate the remainder when 436 is divided by a.
4
Suppose -7*l + 2*l + 23 = 2*q, 0 = l + 1. What is the remainder when 2/11 + 361/11 + 4 is divided by q?
9
Let o = -7347 + 7931. What is the remainder when o is divided by 15?
14
Let q be -18*(-60)/((-35)/7). Let k = q - -248. Calculate the remainder when 121 is divided by k.
25
Suppose 3*l + 1134 = -4*a + 1178, a + 2*l - 6 = 0. Calculate the remainder when ((-92)/(-3))/((-1)/(-3)) is divided by a.
8
Let h(n) = -34*n - 124. Let p be ((-110)/25 - -4)/((-2)/(-20)). Suppose -4*m - 6*g + 72 = -2*g, -4*g - 8 = 0. What is the remainder when m is divided by h(p)?
8
Let o(b) = 85*b - 2951. What is the remainder when 857 is divided by o(36)?
94
Let d(c) = -126*c + 615. Let k be d(6). Let q be 166/(-6)*3/1. Let x = q - k. Calculate the remainder when x is divided by 20.
18
Suppose -3*g = 3*k - 402, 0 = 3*g + 10*k - 9*k - 388. Calculate the remainder when 30860 is divided by g.
126
Suppose -270 = 2*j - 4*j. Let u be ((-2)/4)/((-4)/(-192)*8). Calculate the remainder when j is divided by 8 + u + (0 - -30).
30
Let l = 248 - 584. Let w = -283 - l. What is the remainder when 261 is divided by w?
49
Let i(u) = -4*u**3 + 11*u**2 + u + 11. What is the remainder when i(-6) is divided by 52?
17
Let x(r) = 2*r**3 - 3*r + 3. Let h(o) = o**3 + 3*o**2 - o - 2. Let w be h(-3). What is the remainder when -8*(41/(-2) - (-4 + w)) is divided by x(2)?
10
Let x = 3 - 2. Let i = 156 + -157. What is the remainder when 85 is divided by (1/i + 30)/x?
27
Suppose -219*s + 53*s + 28220 = 0. What is the remainder when 2547 is divided by s?
167
Suppose 3*y - 34 = -10. Suppose 188*v - 909 = 1347. What is the remainder when v is divided by y?
4
Let j be 9/18 + (-15)/(-6) + 0. Let s be 25 - (-3)/(-12)*-4. Suppose 76 = 3*o + 5*v, j*v - s + 134 = 3*o. Calculate the remainder when 94 is divided by o.
30
Suppose 277*w - 275*w = 46. Suppose -5*q - a = -460, 0 = -2*q + a + a + 172. What is the remainder when q is divided by w?
22
Suppose -1428 = 115*s - 118*s - 4*n, s = -2*n + 476. What is the remainder when s is divided by 31?
11
Suppose 0 = -202*p + 204*p - 14, -2*b + 4*p + 1202 = 0. Calculate the remainder when b is divided by 31.
26
Let s(a) = -a**3 - 5*a**2 + 7*a - 2. Let m be s(-6). Let k = 13 + m. Suppose -10 = 5*q - k, 42 = y - q. What is the remainder when y is divided by 17?
7
Suppose -2*h - 6 = 3*w, w - 2*h = -0*w + 6. Suppose w = 10*k - 12*k + 318. Calculate the remainder when k is divided by 40.
39
Let k = 4406 + -4379. Calculate the remainder when 231 is divided by k.
15
Suppose 0 = -15*m + 664 - 2584. Let j = m - -286. What is the remainder when j is divided by 54?
50
Suppose -2*u + 4*k + 70 = 0, -95*k = u - 98*k - 40. What is the remainder when 97 is divided by u?
22
Suppose 6*x + 461 - 1259 = -0*x. What is the remainder when 5452 is divided by x?
132
Suppose -41 = -2*h - f, -2*h + 21 + 14 = -5*f. Suppose 0 = 3*p - 0*p + 5*l - h, 80 = 4*p - 4*l. Calculate the remainde